{"id":6776,"date":"2026-02-27T13:11:31","date_gmt":"2026-02-27T13:11:31","guid":{"rendered":"https:\/\/villamariaturismo.com.ar\/deporte-turismo\/?post_type=tribe_events&#038;p=6776"},"modified":"2026-02-27T13:12:21","modified_gmt":"2026-02-27T13:12:21","slug":"presentacion-del-libro-hilos-de-memoria","status":"publish","type":"tribe_events","link":"https:\/\/villamariaturismo.com.ar\/deporte-turismo\/event\/presentacion-del-libro-hilos-de-memoria\/","title":{"rendered":"Presentaci\u00f3n del libro \u00abHilos de memoria\u00bb"},"content":{"rendered":"<p>En la Medioteca de Villa Mar\u00eda se realizar\u00e1 la presentaci\u00f3n de un libro muy especial, y todo lo recaudado por la venta ser\u00e1 destinado a la Cooperadora del Hospital Pasteur. Por Fabi\u00e1n Yordan. Medioteca (Sabattini 40)<\/p>\n","protected":false},"excerpt":{"rendered":"<p>En la Medioteca de Villa Mar\u00eda se realizar\u00e1 la presentaci\u00f3n de un libro muy especial, y todo lo recaudado por la venta ser\u00e1 destinado a la Cooperadora del Hospital Pasteur. [&hellip;]<\/p>\n","protected":false},"author":3,"featured_media":6777,"template":"","meta":{"_acf_changed":false,"_tribe_events_status":"","_tribe_events_status_reason":"","footnotes":""},"tags":[],"tribe_events_cat":[],"class_list":["post-6776","tribe_events","type-tribe_events","status-publish","has-post-thumbnail","hentry"],"acf":[],"yoast_head":"<!-- This site is optimized with the Yoast SEO plugin v26.8 - https:\/\/yoast.com\/product\/yoast-seo-wordpress\/ -->\n<title>Presentaci\u00f3n del libro &quot;Hilos de memoria&quot; - Villa Mar\u00eda Deporte y Turismo<\/title>\n<meta name=\"robots\" content=\"index, follow, max-snippet:-1, max-image-preview:large, max-video-preview:-1\" \/>\n<link rel=\"canonical\" href=\"https:\/\/villamariaturismo.com.ar\/deporte-turismo\/event\/presentacion-del-libro-hilos-de-memoria\/\" \/>\n<meta property=\"og:locale\" content=\"es_ES\" \/>\n<meta property=\"og:type\" content=\"article\" \/>\n<meta property=\"og:title\" content=\"Presentaci\u00f3n del libro &quot;Hilos de memoria&quot; - Villa Mar\u00eda Deporte y Turismo\" \/>\n<meta property=\"og:description\" content=\"En la Medioteca de Villa Mar\u00eda se realizar\u00e1 la presentaci\u00f3n de un libro muy especial, y todo lo recaudado por la venta ser\u00e1 destinado a la Cooperadora del Hospital Pasteur. [&hellip;]\" \/>\n<meta property=\"og:url\" content=\"https:\/\/villamariaturismo.com.ar\/deporte-turismo\/event\/presentacion-del-libro-hilos-de-memoria\/\" \/>\n<meta property=\"og:site_name\" content=\"Villa Mar\u00eda Deporte y Turismo\" \/>\n<meta property=\"article:modified_time\" content=\"2026-02-27T13:12:21+00:00\" \/>\n<meta property=\"og:image\" content=\"https:\/\/villamariaturismo.com.ar\/deporte-turismo\/wp-content\/uploads\/2026\/02\/image_i44z0QH.jpg\" \/>\n\t<meta property=\"og:image:width\" content=\"452\" \/>\n\t<meta property=\"og:image:height\" content=\"531\" \/>\n\t<meta property=\"og:image:type\" content=\"image\/jpeg\" \/>\n<meta name=\"twitter:card\" content=\"summary_large_image\" \/>\n<meta name=\"twitter:label1\" content=\"Tiempo de lectura\" \/>\n\t<meta name=\"twitter:data1\" content=\"1 minuto\" \/>\n<script type=\"application\/ld+json\" class=\"yoast-schema-graph\">{\"@context\":\"https:\/\/schema.org\",\"@graph\":[{\"@type\":\"WebPage\",\"@id\":\"https:\/\/villamariaturismo.com.ar\/deporte-turismo\/event\/presentacion-del-libro-hilos-de-memoria\/\",\"url\":\"https:\/\/villamariaturismo.com.ar\/deporte-turismo\/event\/presentacion-del-libro-hilos-de-memoria\/\",\"name\":\"Presentaci\u00f3n del libro \\\"Hilos de memoria\\\" - Villa Mar\u00eda Deporte y Turismo\",\"isPartOf\":{\"@id\":\"https:\/\/villamariaturismo.com.ar\/deporte-turismo\/#website\"},\"primaryImageOfPage\":{\"@id\":\"https:\/\/villamariaturismo.com.ar\/deporte-turismo\/event\/presentacion-del-libro-hilos-de-memoria\/#primaryimage\"},\"image\":{\"@id\":\"https:\/\/villamariaturismo.com.ar\/deporte-turismo\/event\/presentacion-del-libro-hilos-de-memoria\/#primaryimage\"},\"thumbnailUrl\":\"https:\/\/villamariaturismo.com.ar\/deporte-turismo\/wp-content\/uploads\/2026\/02\/image_i44z0QH.jpg\",\"datePublished\":\"2026-02-27T13:11:31+00:00\",\"dateModified\":\"2026-02-27T13:12:21+00:00\",\"breadcrumb\":{\"@id\":\"https:\/\/villamariaturismo.com.ar\/deporte-turismo\/event\/presentacion-del-libro-hilos-de-memoria\/#breadcrumb\"},\"inLanguage\":\"es\",\"potentialAction\":[{\"@type\":\"ReadAction\",\"target\":[\"https:\/\/villamariaturismo.com.ar\/deporte-turismo\/event\/presentacion-del-libro-hilos-de-memoria\/\"]}]},{\"@type\":\"ImageObject\",\"inLanguage\":\"es\",\"@id\":\"https:\/\/villamariaturismo.com.ar\/deporte-turismo\/event\/presentacion-del-libro-hilos-de-memoria\/#primaryimage\",\"url\":\"https:\/\/villamariaturismo.com.ar\/deporte-turismo\/wp-content\/uploads\/2026\/02\/image_i44z0QH.jpg\",\"contentUrl\":\"https:\/\/villamariaturismo.com.ar\/deporte-turismo\/wp-content\/uploads\/2026\/02\/image_i44z0QH.jpg\",\"width\":452,\"height\":531},{\"@type\":\"BreadcrumbList\",\"@id\":\"https:\/\/villamariaturismo.com.ar\/deporte-turismo\/event\/presentacion-del-libro-hilos-de-memoria\/#breadcrumb\",\"itemListElement\":[{\"@type\":\"ListItem\",\"position\":1,\"name\":\"Portada\",\"item\":\"https:\/\/villamariaturismo.com.ar\/deporte-turismo\/\"},{\"@type\":\"ListItem\",\"position\":2,\"name\":\"Eventos\",\"item\":\"http:\/\/villamariaturismo.com.ar\/deporte-turismo\/events\/\"},{\"@type\":\"ListItem\",\"position\":3,\"name\":\"Presentaci\u00f3n del libro \u00abHilos de memoria\u00bb\"}]},{\"@type\":\"WebSite\",\"@id\":\"https:\/\/villamariaturismo.com.ar\/deporte-turismo\/#website\",\"url\":\"https:\/\/villamariaturismo.com.ar\/deporte-turismo\/\",\"name\":\"Villa Maria Deporte y Turismo\",\"description\":\"Secretaria de deporte y turismo de Villa Mar\u00eda\",\"publisher\":{\"@id\":\"https:\/\/villamariaturismo.com.ar\/deporte-turismo\/#organization\"},\"potentialAction\":[{\"@type\":\"SearchAction\",\"target\":{\"@type\":\"EntryPoint\",\"urlTemplate\":\"https:\/\/villamariaturismo.com.ar\/deporte-turismo\/?s={search_term_string}\"},\"query-input\":{\"@type\":\"PropertyValueSpecification\",\"valueRequired\":true,\"valueName\":\"search_term_string\"}}],\"inLanguage\":\"es\"},{\"@type\":\"Organization\",\"@id\":\"https:\/\/villamariaturismo.com.ar\/deporte-turismo\/#organization\",\"name\":\"Villa Maria Deporte y Turismo\",\"url\":\"https:\/\/villamariaturismo.com.ar\/deporte-turismo\/\",\"logo\":{\"@type\":\"ImageObject\",\"inLanguage\":\"es\",\"@id\":\"https:\/\/villamariaturismo.com.ar\/deporte-turismo\/#\/schema\/logo\/image\/\",\"url\":\"https:\/\/villamariaturismo.com.ar\/deporte-turismo\/wp-content\/uploads\/2024\/11\/logo_tte-e1730601264887.png\",\"contentUrl\":\"https:\/\/villamariaturismo.com.ar\/deporte-turismo\/wp-content\/uploads\/2024\/11\/logo_tte-e1730601264887.png\",\"width\":580,\"height\":290,\"caption\":\"Villa Maria Deporte y Turismo\"},\"image\":{\"@id\":\"https:\/\/villamariaturismo.com.ar\/deporte-turismo\/#\/schema\/logo\/image\/\"},\"sameAs\":[\"https:\/\/www.instagram.com\/villamariaturismo\/?hl=es\"]}]}<\/script>\n<!-- \/ Yoast SEO plugin. -->","yoast_head_json":{"title":"Presentaci\u00f3n del libro \"Hilos de memoria\" - Villa Mar\u00eda Deporte y Turismo","robots":{"index":"index","follow":"follow","max-snippet":"max-snippet:-1","max-image-preview":"max-image-preview:large","max-video-preview":"max-video-preview:-1"},"canonical":"https:\/\/villamariaturismo.com.ar\/deporte-turismo\/event\/presentacion-del-libro-hilos-de-memoria\/","og_locale":"es_ES","og_type":"article","og_title":"Presentaci\u00f3n del libro \"Hilos de memoria\" - Villa Mar\u00eda Deporte y Turismo","og_description":"En la Medioteca de Villa Mar\u00eda se realizar\u00e1 la presentaci\u00f3n de un libro muy especial, y todo lo recaudado por la venta ser\u00e1 destinado a la Cooperadora del Hospital Pasteur. [&hellip;]","og_url":"https:\/\/villamariaturismo.com.ar\/deporte-turismo\/event\/presentacion-del-libro-hilos-de-memoria\/","og_site_name":"Villa Mar\u00eda Deporte y Turismo","article_modified_time":"2026-02-27T13:12:21+00:00","og_image":[{"width":452,"height":531,"url":"https:\/\/villamariaturismo.com.ar\/deporte-turismo\/wp-content\/uploads\/2026\/02\/image_i44z0QH.jpg","type":"image\/jpeg"}],"twitter_card":"summary_large_image","twitter_misc":{"Tiempo de lectura":"1 minuto"},"schema":{"@context":"https:\/\/schema.org","@graph":[{"@type":"WebPage","@id":"https:\/\/villamariaturismo.com.ar\/deporte-turismo\/event\/presentacion-del-libro-hilos-de-memoria\/","url":"https:\/\/villamariaturismo.com.ar\/deporte-turismo\/event\/presentacion-del-libro-hilos-de-memoria\/","name":"Presentaci\u00f3n del libro \"Hilos de memoria\" - Villa Mar\u00eda Deporte y Turismo","isPartOf":{"@id":"https:\/\/villamariaturismo.com.ar\/deporte-turismo\/#website"},"primaryImageOfPage":{"@id":"https:\/\/villamariaturismo.com.ar\/deporte-turismo\/event\/presentacion-del-libro-hilos-de-memoria\/#primaryimage"},"image":{"@id":"https:\/\/villamariaturismo.com.ar\/deporte-turismo\/event\/presentacion-del-libro-hilos-de-memoria\/#primaryimage"},"thumbnailUrl":"https:\/\/villamariaturismo.com.ar\/deporte-turismo\/wp-content\/uploads\/2026\/02\/image_i44z0QH.jpg","datePublished":"2026-02-27T13:11:31+00:00","dateModified":"2026-02-27T13:12:21+00:00","breadcrumb":{"@id":"https:\/\/villamariaturismo.com.ar\/deporte-turismo\/event\/presentacion-del-libro-hilos-de-memoria\/#breadcrumb"},"inLanguage":"es","potentialAction":[{"@type":"ReadAction","target":["https:\/\/villamariaturismo.com.ar\/deporte-turismo\/event\/presentacion-del-libro-hilos-de-memoria\/"]}]},{"@type":"ImageObject","inLanguage":"es","@id":"https:\/\/villamariaturismo.com.ar\/deporte-turismo\/event\/presentacion-del-libro-hilos-de-memoria\/#primaryimage","url":"https:\/\/villamariaturismo.com.ar\/deporte-turismo\/wp-content\/uploads\/2026\/02\/image_i44z0QH.jpg","contentUrl":"https:\/\/villamariaturismo.com.ar\/deporte-turismo\/wp-content\/uploads\/2026\/02\/image_i44z0QH.jpg","width":452,"height":531},{"@type":"BreadcrumbList","@id":"https:\/\/villamariaturismo.com.ar\/deporte-turismo\/event\/presentacion-del-libro-hilos-de-memoria\/#breadcrumb","itemListElement":[{"@type":"ListItem","position":1,"name":"Portada","item":"https:\/\/villamariaturismo.com.ar\/deporte-turismo\/"},{"@type":"ListItem","position":2,"name":"Eventos","item":"http:\/\/villamariaturismo.com.ar\/deporte-turismo\/events\/"},{"@type":"ListItem","position":3,"name":"Presentaci\u00f3n del libro \u00abHilos de memoria\u00bb"}]},{"@type":"WebSite","@id":"https:\/\/villamariaturismo.com.ar\/deporte-turismo\/#website","url":"https:\/\/villamariaturismo.com.ar\/deporte-turismo\/","name":"Villa Maria Deporte y Turismo","description":"Secretaria de deporte y turismo de Villa Mar\u00eda","publisher":{"@id":"https:\/\/villamariaturismo.com.ar\/deporte-turismo\/#organization"},"potentialAction":[{"@type":"SearchAction","target":{"@type":"EntryPoint","urlTemplate":"https:\/\/villamariaturismo.com.ar\/deporte-turismo\/?s={search_term_string}"},"query-input":{"@type":"PropertyValueSpecification","valueRequired":true,"valueName":"search_term_string"}}],"inLanguage":"es"},{"@type":"Organization","@id":"https:\/\/villamariaturismo.com.ar\/deporte-turismo\/#organization","name":"Villa Maria Deporte y Turismo","url":"https:\/\/villamariaturismo.com.ar\/deporte-turismo\/","logo":{"@type":"ImageObject","inLanguage":"es","@id":"https:\/\/villamariaturismo.com.ar\/deporte-turismo\/#\/schema\/logo\/image\/","url":"https:\/\/villamariaturismo.com.ar\/deporte-turismo\/wp-content\/uploads\/2024\/11\/logo_tte-e1730601264887.png","contentUrl":"https:\/\/villamariaturismo.com.ar\/deporte-turismo\/wp-content\/uploads\/2024\/11\/logo_tte-e1730601264887.png","width":580,"height":290,"caption":"Villa Maria Deporte y Turismo"},"image":{"@id":"https:\/\/villamariaturismo.com.ar\/deporte-turismo\/#\/schema\/logo\/image\/"},"sameAs":["https:\/\/www.instagram.com\/villamariaturismo\/?hl=es"]}]}},"_links":{"self":[{"href":"https:\/\/villamariaturismo.com.ar\/deporte-turismo\/wp-json\/wp\/v2\/tribe_events\/6776","targetHints":{"allow":["GET"]}}],"collection":[{"href":"https:\/\/villamariaturismo.com.ar\/deporte-turismo\/wp-json\/wp\/v2\/tribe_events"}],"about":[{"href":"https:\/\/villamariaturismo.com.ar\/deporte-turismo\/wp-json\/wp\/v2\/types\/tribe_events"}],"author":[{"embeddable":true,"href":"https:\/\/villamariaturismo.com.ar\/deporte-turismo\/wp-json\/wp\/v2\/users\/3"}],"version-history":[{"count":1,"href":"https:\/\/villamariaturismo.com.ar\/deporte-turismo\/wp-json\/wp\/v2\/tribe_events\/6776\/revisions"}],"predecessor-version":[{"id":6778,"href":"https:\/\/villamariaturismo.com.ar\/deporte-turismo\/wp-json\/wp\/v2\/tribe_events\/6776\/revisions\/6778"}],"wp:featuredmedia":[{"embeddable":true,"href":"https:\/\/villamariaturismo.com.ar\/deporte-turismo\/wp-json\/wp\/v2\/media\/6777"}],"wp:attachment":[{"href":"https:\/\/villamariaturismo.com.ar\/deporte-turismo\/wp-json\/wp\/v2\/media?parent=6776"}],"wp:term":[{"taxonomy":"post_tag","embeddable":true,"href":"https:\/\/villamariaturismo.com.ar\/deporte-turismo\/wp-json\/wp\/v2\/tags?post=6776"},{"taxonomy":"tribe_events_cat","embeddable":true,"href":"https:\/\/villamariaturismo.com.ar\/deporte-turismo\/wp-json\/wp\/v2\/tribe_events_cat?post=6776"}],"curies":[{"name":"wp","href":"https:\/\/api.w.org\/{rel}","templated":true}]}}

Presentación del libro «Hilos de memoria»

<p>En la Medioteca de Villa María se realizará la presentación de un libro muy especial, y todo lo recaudado por la venta será destinado a la Cooperadora del Hospital Pasteur. Por Fabián Yordan. Medioteca (Sabattini 40)</p>

<p>En la Medioteca de Villa María se realizará la presentación de un libro muy especial, y todo lo recaudado por la venta será destinado a la Cooperadora del Hospital Pasteur. [&hellip;]</p>

<!-- This site is optimized with the Yoast SEO plugin v26.8 - https://yoast.com/product/yoast-seo-wordpress/ -->
<title>Presentación del libro &quot;Hilos de memoria&quot; - Villa María Deporte y Turismo</title>
<meta name="robots" content="index, follow, max-snippet:-1, max-image-preview:large, max-video-preview:-1" />
<link rel="canonical" href="https://villamariaturismo.com.ar/deporte-turismo/event/presentacion-del-libro-hilos-de-memoria/" />
<meta property="og:locale" content="es_ES" />
<meta property="og:type" content="article" />
<meta property="og:title" content="Presentación del libro &quot;Hilos de memoria&quot; - Villa María Deporte y Turismo" />
<meta property="og:description" content="En la Medioteca de Villa María se realizará la presentación de un libro muy especial, y todo lo recaudado por la venta será destinado a la Cooperadora del Hospital Pasteur. [&hellip;]" />
<meta property="og:url" content="https://villamariaturismo.com.ar/deporte-turismo/event/presentacion-del-libro-hilos-de-memoria/" />
<meta property="og:site_name" content="Villa María Deporte y Turismo" />
<meta property="article:modified_time" content="2026-02-27T13:12:21+00:00" />
<meta property="og:image" content="https://villamariaturismo.com.ar/deporte-turismo/wp-content/uploads/2026/02/image_i44z0QH.jpg" />
	<meta property="og:image:width" content="452" />
	<meta property="og:image:height" content="531" />
	<meta property="og:image:type" content="image/jpeg" />
<meta name="twitter:card" content="summary_large_image" />
<meta name="twitter:label1" content="Tiempo de lectura" />
	<meta name="twitter:data1" content="1 minuto" />
<script type="application/ld+json" class="yoast-schema-graph">{"@context":"https://schema.org","@graph":[{"@type":"WebPage","@id":"https://villamariaturismo.com.ar/deporte-turismo/event/presentacion-del-libro-hilos-de-memoria/","url":"https://villamariaturismo.com.ar/deporte-turismo/event/presentacion-del-libro-hilos-de-memoria/","name":"Presentación del libro \"Hilos de memoria\" - Villa María Deporte y Turismo","isPartOf":{"@id":"https://villamariaturismo.com.ar/deporte-turismo/#website"},"primaryImageOfPage":{"@id":"https://villamariaturismo.com.ar/deporte-turismo/event/presentacion-del-libro-hilos-de-memoria/#primaryimage"},"image":{"@id":"https://villamariaturismo.com.ar/deporte-turismo/event/presentacion-del-libro-hilos-de-memoria/#primaryimage"},"thumbnailUrl":"https://villamariaturismo.com.ar/deporte-turismo/wp-content/uploads/2026/02/image_i44z0QH.jpg","datePublished":"2026-02-27T13:11:31+00:00","dateModified":"2026-02-27T13:12:21+00:00","breadcrumb":{"@id":"https://villamariaturismo.com.ar/deporte-turismo/event/presentacion-del-libro-hilos-de-memoria/#breadcrumb"},"inLanguage":"es","potentialAction":[{"@type":"ReadAction","target":["https://villamariaturismo.com.ar/deporte-turismo/event/presentacion-del-libro-hilos-de-memoria/"]}]},{"@type":"ImageObject","inLanguage":"es","@id":"https://villamariaturismo.com.ar/deporte-turismo/event/presentacion-del-libro-hilos-de-memoria/#primaryimage","url":"https://villamariaturismo.com.ar/deporte-turismo/wp-content/uploads/2026/02/image_i44z0QH.jpg","contentUrl":"https://villamariaturismo.com.ar/deporte-turismo/wp-content/uploads/2026/02/image_i44z0QH.jpg","width":452,"height":531},{"@type":"BreadcrumbList","@id":"https://villamariaturismo.com.ar/deporte-turismo/event/presentacion-del-libro-hilos-de-memoria/#breadcrumb","itemListElement":[{"@type":"ListItem","position":1,"name":"Portada","item":"https://villamariaturismo.com.ar/deporte-turismo/"},{"@type":"ListItem","position":2,"name":"Eventos","item":"http://villamariaturismo.com.ar/deporte-turismo/events/"},{"@type":"ListItem","position":3,"name":"Presentación del libro «Hilos de memoria»"}]},{"@type":"WebSite","@id":"https://villamariaturismo.com.ar/deporte-turismo/#website","url":"https://villamariaturismo.com.ar/deporte-turismo/","name":"Villa Maria Deporte y Turismo","description":"Secretaria de deporte y turismo de Villa María","publisher":{"@id":"https://villamariaturismo.com.ar/deporte-turismo/#organization"},"potentialAction":[{"@type":"SearchAction","target":{"@type":"EntryPoint","urlTemplate":"https://villamariaturismo.com.ar/deporte-turismo/?s={search_term_string}"},"query-input":{"@type":"PropertyValueSpecification","valueRequired":true,"valueName":"search_term_string"}}],"inLanguage":"es"},{"@type":"Organization","@id":"https://villamariaturismo.com.ar/deporte-turismo/#organization","name":"Villa Maria Deporte y Turismo","url":"https://villamariaturismo.com.ar/deporte-turismo/","logo":{"@type":"ImageObject","inLanguage":"es","@id":"https://villamariaturismo.com.ar/deporte-turismo/#/schema/logo/image/","url":"https://villamariaturismo.com.ar/deporte-turismo/wp-content/uploads/2024/11/logo_tte-e1730601264887.png","contentUrl":"https://villamariaturismo.com.ar/deporte-turismo/wp-content/uploads/2024/11/logo_tte-e1730601264887.png","width":580,"height":290,"caption":"Villa Maria Deporte y Turismo"},"image":{"@id":"https://villamariaturismo.com.ar/deporte-turismo/#/schema/logo/image/"},"sameAs":["https://www.instagram.com/villamariaturismo/?hl=es"]}]}</script>
<!-- / Yoast SEO plugin. -->

Presentación del libro "Hilos de memoria" - Villa María Deporte y Turismo

En la Medioteca de Villa María se realizará la presentación de un libro muy especial, y todo lo recaudado por la venta será destinado a la Cooperadora del Hospital Pasteur. [&hellip;]

Villa María Deporte y Turismo

Secretaria de deporte y turismo de Villa María
