{"id":6058,"date":"2025-11-18T15:26:23","date_gmt":"2025-11-18T15:26:23","guid":{"rendered":"https:\/\/villamariaturismo.com.ar\/deporte-turismo\/?post_type=tribe_events&#038;p=6058"},"modified":"2025-11-18T15:26:57","modified_gmt":"2025-11-18T15:26:57","slug":"estreno-de-la-obra-las-mellizas","status":"publish","type":"tribe_events","link":"https:\/\/villamariaturismo.com.ar\/deporte-turismo\/event\/estreno-de-la-obra-las-mellizas\/","title":{"rendered":"Estreno de la obra \u00abLas mellizas\u00bb"},"content":{"rendered":"<p>*Las Mellizas* de Patricia Su\u00e1rez. Act\u00faan: Valeria Plovanich y Mariana Pons. Dirige: Alicia Muxo. Por El Basilisco Teatro 22\/11\/2025 al 23\/11\/2025 . Teatro de Herejes (av Sabattini 140)<\/p>\n","protected":false},"excerpt":{"rendered":"<p>*Las Mellizas* de Patricia Su\u00e1rez. Act\u00faan: Valeria Plovanich y Mariana Pons. Dirige: Alicia Muxo. Por El Basilisco Teatro 22\/11\/2025 al 23\/11\/2025 . Teatro de Herejes (av Sabattini 140)<\/p>\n","protected":false},"author":3,"featured_media":6059,"template":"","meta":{"_acf_changed":false,"_tribe_events_status":"","_tribe_events_status_reason":"","footnotes":""},"tags":[],"tribe_events_cat":[],"class_list":["post-6058","tribe_events","type-tribe_events","status-publish","has-post-thumbnail","hentry"],"acf":[],"yoast_head":"<!-- This site is optimized with the Yoast SEO plugin v26.8 - https:\/\/yoast.com\/product\/yoast-seo-wordpress\/ -->\n<title>Estreno de la obra &quot;Las mellizas&quot; - Villa Mar\u00eda Deporte y Turismo<\/title>\n<meta name=\"robots\" content=\"index, follow, max-snippet:-1, max-image-preview:large, max-video-preview:-1\" \/>\n<link rel=\"canonical\" href=\"https:\/\/villamariaturismo.com.ar\/deporte-turismo\/event\/estreno-de-la-obra-las-mellizas\/\" \/>\n<meta property=\"og:locale\" content=\"es_ES\" \/>\n<meta property=\"og:type\" content=\"article\" \/>\n<meta property=\"og:title\" content=\"Estreno de la obra &quot;Las mellizas&quot; - Villa Mar\u00eda Deporte y Turismo\" \/>\n<meta property=\"og:description\" content=\"*Las Mellizas* de Patricia Su\u00e1rez. Act\u00faan: Valeria Plovanich y Mariana Pons. Dirige: Alicia Muxo. Por El Basilisco Teatro 22\/11\/2025 al 23\/11\/2025 . Teatro de Herejes (av Sabattini 140)\" \/>\n<meta property=\"og:url\" content=\"https:\/\/villamariaturismo.com.ar\/deporte-turismo\/event\/estreno-de-la-obra-las-mellizas\/\" \/>\n<meta property=\"og:site_name\" content=\"Villa Mar\u00eda Deporte y Turismo\" \/>\n<meta property=\"article:modified_time\" content=\"2025-11-18T15:26:57+00:00\" \/>\n<meta property=\"og:image\" content=\"https:\/\/villamariaturismo.com.ar\/deporte-turismo\/wp-content\/uploads\/2025\/11\/image_Fvm8QZk.jpg\" \/>\n\t<meta property=\"og:image:width\" content=\"420\" \/>\n\t<meta property=\"og:image:height\" content=\"528\" \/>\n\t<meta property=\"og:image:type\" content=\"image\/jpeg\" \/>\n<meta name=\"twitter:card\" content=\"summary_large_image\" \/>\n<meta name=\"twitter:label1\" content=\"Tiempo de lectura\" \/>\n\t<meta name=\"twitter:data1\" content=\"1 minuto\" \/>\n<script type=\"application\/ld+json\" class=\"yoast-schema-graph\">{\"@context\":\"https:\/\/schema.org\",\"@graph\":[{\"@type\":\"WebPage\",\"@id\":\"https:\/\/villamariaturismo.com.ar\/deporte-turismo\/event\/estreno-de-la-obra-las-mellizas\/\",\"url\":\"https:\/\/villamariaturismo.com.ar\/deporte-turismo\/event\/estreno-de-la-obra-las-mellizas\/\",\"name\":\"Estreno de la obra \\\"Las mellizas\\\" - Villa Mar\u00eda Deporte y Turismo\",\"isPartOf\":{\"@id\":\"https:\/\/villamariaturismo.com.ar\/deporte-turismo\/#website\"},\"primaryImageOfPage\":{\"@id\":\"https:\/\/villamariaturismo.com.ar\/deporte-turismo\/event\/estreno-de-la-obra-las-mellizas\/#primaryimage\"},\"image\":{\"@id\":\"https:\/\/villamariaturismo.com.ar\/deporte-turismo\/event\/estreno-de-la-obra-las-mellizas\/#primaryimage\"},\"thumbnailUrl\":\"https:\/\/villamariaturismo.com.ar\/deporte-turismo\/wp-content\/uploads\/2025\/11\/image_Fvm8QZk.jpg\",\"datePublished\":\"2025-11-18T15:26:23+00:00\",\"dateModified\":\"2025-11-18T15:26:57+00:00\",\"breadcrumb\":{\"@id\":\"https:\/\/villamariaturismo.com.ar\/deporte-turismo\/event\/estreno-de-la-obra-las-mellizas\/#breadcrumb\"},\"inLanguage\":\"es\",\"potentialAction\":[{\"@type\":\"ReadAction\",\"target\":[\"https:\/\/villamariaturismo.com.ar\/deporte-turismo\/event\/estreno-de-la-obra-las-mellizas\/\"]}]},{\"@type\":\"ImageObject\",\"inLanguage\":\"es\",\"@id\":\"https:\/\/villamariaturismo.com.ar\/deporte-turismo\/event\/estreno-de-la-obra-las-mellizas\/#primaryimage\",\"url\":\"https:\/\/villamariaturismo.com.ar\/deporte-turismo\/wp-content\/uploads\/2025\/11\/image_Fvm8QZk.jpg\",\"contentUrl\":\"https:\/\/villamariaturismo.com.ar\/deporte-turismo\/wp-content\/uploads\/2025\/11\/image_Fvm8QZk.jpg\",\"width\":420,\"height\":528},{\"@type\":\"BreadcrumbList\",\"@id\":\"https:\/\/villamariaturismo.com.ar\/deporte-turismo\/event\/estreno-de-la-obra-las-mellizas\/#breadcrumb\",\"itemListElement\":[{\"@type\":\"ListItem\",\"position\":1,\"name\":\"Portada\",\"item\":\"https:\/\/villamariaturismo.com.ar\/deporte-turismo\/\"},{\"@type\":\"ListItem\",\"position\":2,\"name\":\"Eventos\",\"item\":\"http:\/\/villamariaturismo.com.ar\/deporte-turismo\/events\/\"},{\"@type\":\"ListItem\",\"position\":3,\"name\":\"Estreno de la obra \u00abLas mellizas\u00bb\"}]},{\"@type\":\"WebSite\",\"@id\":\"https:\/\/villamariaturismo.com.ar\/deporte-turismo\/#website\",\"url\":\"https:\/\/villamariaturismo.com.ar\/deporte-turismo\/\",\"name\":\"Villa Maria Deporte y Turismo\",\"description\":\"Secretaria de deporte y turismo de Villa Mar\u00eda\",\"publisher\":{\"@id\":\"https:\/\/villamariaturismo.com.ar\/deporte-turismo\/#organization\"},\"potentialAction\":[{\"@type\":\"SearchAction\",\"target\":{\"@type\":\"EntryPoint\",\"urlTemplate\":\"https:\/\/villamariaturismo.com.ar\/deporte-turismo\/?s={search_term_string}\"},\"query-input\":{\"@type\":\"PropertyValueSpecification\",\"valueRequired\":true,\"valueName\":\"search_term_string\"}}],\"inLanguage\":\"es\"},{\"@type\":\"Organization\",\"@id\":\"https:\/\/villamariaturismo.com.ar\/deporte-turismo\/#organization\",\"name\":\"Villa Maria Deporte y Turismo\",\"url\":\"https:\/\/villamariaturismo.com.ar\/deporte-turismo\/\",\"logo\":{\"@type\":\"ImageObject\",\"inLanguage\":\"es\",\"@id\":\"https:\/\/villamariaturismo.com.ar\/deporte-turismo\/#\/schema\/logo\/image\/\",\"url\":\"https:\/\/villamariaturismo.com.ar\/deporte-turismo\/wp-content\/uploads\/2024\/11\/logo_tte-e1730601264887.png\",\"contentUrl\":\"https:\/\/villamariaturismo.com.ar\/deporte-turismo\/wp-content\/uploads\/2024\/11\/logo_tte-e1730601264887.png\",\"width\":580,\"height\":290,\"caption\":\"Villa Maria Deporte y Turismo\"},\"image\":{\"@id\":\"https:\/\/villamariaturismo.com.ar\/deporte-turismo\/#\/schema\/logo\/image\/\"},\"sameAs\":[\"https:\/\/www.instagram.com\/villamariaturismo\/?hl=es\"]}]}<\/script>\n<!-- \/ Yoast SEO plugin. -->","yoast_head_json":{"title":"Estreno de la obra \"Las mellizas\" - Villa Mar\u00eda Deporte y Turismo","robots":{"index":"index","follow":"follow","max-snippet":"max-snippet:-1","max-image-preview":"max-image-preview:large","max-video-preview":"max-video-preview:-1"},"canonical":"https:\/\/villamariaturismo.com.ar\/deporte-turismo\/event\/estreno-de-la-obra-las-mellizas\/","og_locale":"es_ES","og_type":"article","og_title":"Estreno de la obra \"Las mellizas\" - Villa Mar\u00eda Deporte y Turismo","og_description":"*Las Mellizas* de Patricia Su\u00e1rez. Act\u00faan: Valeria Plovanich y Mariana Pons. Dirige: Alicia Muxo. Por El Basilisco Teatro 22\/11\/2025 al 23\/11\/2025 . Teatro de Herejes (av Sabattini 140)","og_url":"https:\/\/villamariaturismo.com.ar\/deporte-turismo\/event\/estreno-de-la-obra-las-mellizas\/","og_site_name":"Villa Mar\u00eda Deporte y Turismo","article_modified_time":"2025-11-18T15:26:57+00:00","og_image":[{"width":420,"height":528,"url":"https:\/\/villamariaturismo.com.ar\/deporte-turismo\/wp-content\/uploads\/2025\/11\/image_Fvm8QZk.jpg","type":"image\/jpeg"}],"twitter_card":"summary_large_image","twitter_misc":{"Tiempo de lectura":"1 minuto"},"schema":{"@context":"https:\/\/schema.org","@graph":[{"@type":"WebPage","@id":"https:\/\/villamariaturismo.com.ar\/deporte-turismo\/event\/estreno-de-la-obra-las-mellizas\/","url":"https:\/\/villamariaturismo.com.ar\/deporte-turismo\/event\/estreno-de-la-obra-las-mellizas\/","name":"Estreno de la obra \"Las mellizas\" - Villa Mar\u00eda Deporte y Turismo","isPartOf":{"@id":"https:\/\/villamariaturismo.com.ar\/deporte-turismo\/#website"},"primaryImageOfPage":{"@id":"https:\/\/villamariaturismo.com.ar\/deporte-turismo\/event\/estreno-de-la-obra-las-mellizas\/#primaryimage"},"image":{"@id":"https:\/\/villamariaturismo.com.ar\/deporte-turismo\/event\/estreno-de-la-obra-las-mellizas\/#primaryimage"},"thumbnailUrl":"https:\/\/villamariaturismo.com.ar\/deporte-turismo\/wp-content\/uploads\/2025\/11\/image_Fvm8QZk.jpg","datePublished":"2025-11-18T15:26:23+00:00","dateModified":"2025-11-18T15:26:57+00:00","breadcrumb":{"@id":"https:\/\/villamariaturismo.com.ar\/deporte-turismo\/event\/estreno-de-la-obra-las-mellizas\/#breadcrumb"},"inLanguage":"es","potentialAction":[{"@type":"ReadAction","target":["https:\/\/villamariaturismo.com.ar\/deporte-turismo\/event\/estreno-de-la-obra-las-mellizas\/"]}]},{"@type":"ImageObject","inLanguage":"es","@id":"https:\/\/villamariaturismo.com.ar\/deporte-turismo\/event\/estreno-de-la-obra-las-mellizas\/#primaryimage","url":"https:\/\/villamariaturismo.com.ar\/deporte-turismo\/wp-content\/uploads\/2025\/11\/image_Fvm8QZk.jpg","contentUrl":"https:\/\/villamariaturismo.com.ar\/deporte-turismo\/wp-content\/uploads\/2025\/11\/image_Fvm8QZk.jpg","width":420,"height":528},{"@type":"BreadcrumbList","@id":"https:\/\/villamariaturismo.com.ar\/deporte-turismo\/event\/estreno-de-la-obra-las-mellizas\/#breadcrumb","itemListElement":[{"@type":"ListItem","position":1,"name":"Portada","item":"https:\/\/villamariaturismo.com.ar\/deporte-turismo\/"},{"@type":"ListItem","position":2,"name":"Eventos","item":"http:\/\/villamariaturismo.com.ar\/deporte-turismo\/events\/"},{"@type":"ListItem","position":3,"name":"Estreno de la obra \u00abLas mellizas\u00bb"}]},{"@type":"WebSite","@id":"https:\/\/villamariaturismo.com.ar\/deporte-turismo\/#website","url":"https:\/\/villamariaturismo.com.ar\/deporte-turismo\/","name":"Villa Maria Deporte y Turismo","description":"Secretaria de deporte y turismo de Villa Mar\u00eda","publisher":{"@id":"https:\/\/villamariaturismo.com.ar\/deporte-turismo\/#organization"},"potentialAction":[{"@type":"SearchAction","target":{"@type":"EntryPoint","urlTemplate":"https:\/\/villamariaturismo.com.ar\/deporte-turismo\/?s={search_term_string}"},"query-input":{"@type":"PropertyValueSpecification","valueRequired":true,"valueName":"search_term_string"}}],"inLanguage":"es"},{"@type":"Organization","@id":"https:\/\/villamariaturismo.com.ar\/deporte-turismo\/#organization","name":"Villa Maria Deporte y Turismo","url":"https:\/\/villamariaturismo.com.ar\/deporte-turismo\/","logo":{"@type":"ImageObject","inLanguage":"es","@id":"https:\/\/villamariaturismo.com.ar\/deporte-turismo\/#\/schema\/logo\/image\/","url":"https:\/\/villamariaturismo.com.ar\/deporte-turismo\/wp-content\/uploads\/2024\/11\/logo_tte-e1730601264887.png","contentUrl":"https:\/\/villamariaturismo.com.ar\/deporte-turismo\/wp-content\/uploads\/2024\/11\/logo_tte-e1730601264887.png","width":580,"height":290,"caption":"Villa Maria Deporte y Turismo"},"image":{"@id":"https:\/\/villamariaturismo.com.ar\/deporte-turismo\/#\/schema\/logo\/image\/"},"sameAs":["https:\/\/www.instagram.com\/villamariaturismo\/?hl=es"]}]}},"_links":{"self":[{"href":"https:\/\/villamariaturismo.com.ar\/deporte-turismo\/wp-json\/wp\/v2\/tribe_events\/6058","targetHints":{"allow":["GET"]}}],"collection":[{"href":"https:\/\/villamariaturismo.com.ar\/deporte-turismo\/wp-json\/wp\/v2\/tribe_events"}],"about":[{"href":"https:\/\/villamariaturismo.com.ar\/deporte-turismo\/wp-json\/wp\/v2\/types\/tribe_events"}],"author":[{"embeddable":true,"href":"https:\/\/villamariaturismo.com.ar\/deporte-turismo\/wp-json\/wp\/v2\/users\/3"}],"version-history":[{"count":1,"href":"https:\/\/villamariaturismo.com.ar\/deporte-turismo\/wp-json\/wp\/v2\/tribe_events\/6058\/revisions"}],"predecessor-version":[{"id":6060,"href":"https:\/\/villamariaturismo.com.ar\/deporte-turismo\/wp-json\/wp\/v2\/tribe_events\/6058\/revisions\/6060"}],"wp:featuredmedia":[{"embeddable":true,"href":"https:\/\/villamariaturismo.com.ar\/deporte-turismo\/wp-json\/wp\/v2\/media\/6059"}],"wp:attachment":[{"href":"https:\/\/villamariaturismo.com.ar\/deporte-turismo\/wp-json\/wp\/v2\/media?parent=6058"}],"wp:term":[{"taxonomy":"post_tag","embeddable":true,"href":"https:\/\/villamariaturismo.com.ar\/deporte-turismo\/wp-json\/wp\/v2\/tags?post=6058"},{"taxonomy":"tribe_events_cat","embeddable":true,"href":"https:\/\/villamariaturismo.com.ar\/deporte-turismo\/wp-json\/wp\/v2\/tribe_events_cat?post=6058"}],"curies":[{"name":"wp","href":"https:\/\/api.w.org\/{rel}","templated":true}]}}

<p>*Las Mellizas* de Patricia Suárez. Actúan: Valeria Plovanich y Mariana Pons. Dirige: Alicia Muxo. Por El Basilisco Teatro 22/11/2025 al 23/11/2025 . Teatro de Herejes (av Sabattini 140)</p>

<!-- This site is optimized with the Yoast SEO plugin v26.8 - https://yoast.com/product/yoast-seo-wordpress/ -->
<title>Estreno de la obra &quot;Las mellizas&quot; - Villa María Deporte y Turismo</title>
<meta name="robots" content="index, follow, max-snippet:-1, max-image-preview:large, max-video-preview:-1" />
<link rel="canonical" href="https://villamariaturismo.com.ar/deporte-turismo/event/estreno-de-la-obra-las-mellizas/" />
<meta property="og:locale" content="es_ES" />
<meta property="og:type" content="article" />
<meta property="og:title" content="Estreno de la obra &quot;Las mellizas&quot; - Villa María Deporte y Turismo" />
<meta property="og:description" content="*Las Mellizas* de Patricia Suárez. Actúan: Valeria Plovanich y Mariana Pons. Dirige: Alicia Muxo. Por El Basilisco Teatro 22/11/2025 al 23/11/2025 . Teatro de Herejes (av Sabattini 140)" />
<meta property="og:url" content="https://villamariaturismo.com.ar/deporte-turismo/event/estreno-de-la-obra-las-mellizas/" />
<meta property="og:site_name" content="Villa María Deporte y Turismo" />
<meta property="article:modified_time" content="2025-11-18T15:26:57+00:00" />
<meta property="og:image" content="https://villamariaturismo.com.ar/deporte-turismo/wp-content/uploads/2025/11/image_Fvm8QZk.jpg" />
	<meta property="og:image:width" content="420" />
	<meta property="og:image:height" content="528" />
	<meta property="og:image:type" content="image/jpeg" />
<meta name="twitter:card" content="summary_large_image" />
<meta name="twitter:label1" content="Tiempo de lectura" />
	<meta name="twitter:data1" content="1 minuto" />
<script type="application/ld+json" class="yoast-schema-graph">{"@context":"https://schema.org","@graph":[{"@type":"WebPage","@id":"https://villamariaturismo.com.ar/deporte-turismo/event/estreno-de-la-obra-las-mellizas/","url":"https://villamariaturismo.com.ar/deporte-turismo/event/estreno-de-la-obra-las-mellizas/","name":"Estreno de la obra \"Las mellizas\" - Villa María Deporte y Turismo","isPartOf":{"@id":"https://villamariaturismo.com.ar/deporte-turismo/#website"},"primaryImageOfPage":{"@id":"https://villamariaturismo.com.ar/deporte-turismo/event/estreno-de-la-obra-las-mellizas/#primaryimage"},"image":{"@id":"https://villamariaturismo.com.ar/deporte-turismo/event/estreno-de-la-obra-las-mellizas/#primaryimage"},"thumbnailUrl":"https://villamariaturismo.com.ar/deporte-turismo/wp-content/uploads/2025/11/image_Fvm8QZk.jpg","datePublished":"2025-11-18T15:26:23+00:00","dateModified":"2025-11-18T15:26:57+00:00","breadcrumb":{"@id":"https://villamariaturismo.com.ar/deporte-turismo/event/estreno-de-la-obra-las-mellizas/#breadcrumb"},"inLanguage":"es","potentialAction":[{"@type":"ReadAction","target":["https://villamariaturismo.com.ar/deporte-turismo/event/estreno-de-la-obra-las-mellizas/"]}]},{"@type":"ImageObject","inLanguage":"es","@id":"https://villamariaturismo.com.ar/deporte-turismo/event/estreno-de-la-obra-las-mellizas/#primaryimage","url":"https://villamariaturismo.com.ar/deporte-turismo/wp-content/uploads/2025/11/image_Fvm8QZk.jpg","contentUrl":"https://villamariaturismo.com.ar/deporte-turismo/wp-content/uploads/2025/11/image_Fvm8QZk.jpg","width":420,"height":528},{"@type":"BreadcrumbList","@id":"https://villamariaturismo.com.ar/deporte-turismo/event/estreno-de-la-obra-las-mellizas/#breadcrumb","itemListElement":[{"@type":"ListItem","position":1,"name":"Portada","item":"https://villamariaturismo.com.ar/deporte-turismo/"},{"@type":"ListItem","position":2,"name":"Eventos","item":"http://villamariaturismo.com.ar/deporte-turismo/events/"},{"@type":"ListItem","position":3,"name":"Estreno de la obra «Las mellizas»"}]},{"@type":"WebSite","@id":"https://villamariaturismo.com.ar/deporte-turismo/#website","url":"https://villamariaturismo.com.ar/deporte-turismo/","name":"Villa Maria Deporte y Turismo","description":"Secretaria de deporte y turismo de Villa María","publisher":{"@id":"https://villamariaturismo.com.ar/deporte-turismo/#organization"},"potentialAction":[{"@type":"SearchAction","target":{"@type":"EntryPoint","urlTemplate":"https://villamariaturismo.com.ar/deporte-turismo/?s={search_term_string}"},"query-input":{"@type":"PropertyValueSpecification","valueRequired":true,"valueName":"search_term_string"}}],"inLanguage":"es"},{"@type":"Organization","@id":"https://villamariaturismo.com.ar/deporte-turismo/#organization","name":"Villa Maria Deporte y Turismo","url":"https://villamariaturismo.com.ar/deporte-turismo/","logo":{"@type":"ImageObject","inLanguage":"es","@id":"https://villamariaturismo.com.ar/deporte-turismo/#/schema/logo/image/","url":"https://villamariaturismo.com.ar/deporte-turismo/wp-content/uploads/2024/11/logo_tte-e1730601264887.png","contentUrl":"https://villamariaturismo.com.ar/deporte-turismo/wp-content/uploads/2024/11/logo_tte-e1730601264887.png","width":580,"height":290,"caption":"Villa Maria Deporte y Turismo"},"image":{"@id":"https://villamariaturismo.com.ar/deporte-turismo/#/schema/logo/image/"},"sameAs":["https://www.instagram.com/villamariaturismo/?hl=es"]}]}</script>
<!-- / Yoast SEO plugin. -->

Estreno de la obra "Las mellizas" - Villa María Deporte y Turismo

*Las Mellizas* de Patricia Suárez. Actúan: Valeria Plovanich y Mariana Pons. Dirige: Alicia Muxo. Por El Basilisco Teatro 22/11/2025 al 23/11/2025 . Teatro de Herejes (av Sabattini 140)

Villa María Deporte y Turismo

Secretaria de deporte y turismo de Villa María
